 11131.
16
Calculate the remainder when 203979 is divided by 701.
689
Calculate the remainder when 61607 is divided by 20531.
14
Calculate the remainder when 8119 is divided by 428.
415
What is the remainder when 38179 is divided by 7635?
4
What is the remainder when 2935 is divided by 678?
223
Calculate the remainder when 87940 is divided by 2748.
4
What is the remainder when 146 is divided by 49?
48
What is the remainder when 3034 is divided by 2900?
134
What is the remainder when 294631 is divided by 13?
12
Calculate the remainder when 53643 is divided by 5949.
102
Calculate the remainder when 1366 is divided by 420.
106
Calculate the remainder when 1270 is divided by 610.
50
What is the remainder when 2625 is divided by 524?
5
What is the remainder when 10951 is divided by 35?
31
Calculate the remainder when 50180 is divided by 36.
32
Calculate the remainder when 224006 is divided by 262.
258
What is the remainder when 14678 is divided by 277?
274
Calculate the remainder when 304325 is divided by 159.
158
Calculate the remainder when 19048 is divided by 217.
169
What is the remainder when 1397 is divided by 1023?
374
Calculate the remainder when 11866 is divided by 20.
6
What is the remainder when 35637 is divided by 360?
357
What is the remainder when 157148 is divided by 762?
176
Calculate the remainder when 340829 is divided by 56798.
41
Calculate the remainder when 2461 is divided by 424.
341
What is the remainder when 33621 is divided by 36?
33
What is the remainder when 57483 is divided by 91?
62
What is the remainder when 76281 is divided by 153?
87
What is the remainder when 12701 is divided by 12694?
7
Calculate the remainder when 665203 is divided by 381.
358
Calculate the remainder when 108362 is divided by 168.
2
What is the remainder when 27185 is divided by 13588?
9
Calculate the remainder when 281552 is divided by 81.
77
Calculate the remainder when 11216 is divided by 672.
464
What is the remainder when 57381 is divided by 14?
9
What is the remainder when 816 is divided by 196?
32
Calculate the remainder when 84629 is divided by 419.
410
What is the remainder when 5534 is divided by 126?
116
Calculate the remainder when 742504 is divided by 26.
22
Calculate the remainder when 11878 is divided by 11650.
228
Calculate the remainder when 11675 is divided by 354.
347
What is the remainder when 1705 is divided by 108?
85
Calculate the remainder when 102026 is divided by 479.
478
What is the remainder when 225990 is divided by 52?
50
Calculate the remainder when 6912 is divided by 493.
10
Calculate the remainder when 3387 is divided by 1092.
111
What is the remainder when 19271 is divided by 64?
7
Calculate the remainder when 36649 is divided by 128.
41
Calculate the remainder when 196029 is divided by 31.
16
Calculate the remainder when 16640 is divided by 830.
40
Calculate the remainder when 39598 is divided by 39594.
4
What is the remainder when 11759 is divided by 1958?
11
Calculate the remainder when 4368 is divided by 868.
28
Calculate the remainder when 253 is divided by 53.
41
What is the remainder when 2354994 is divided by 40?
34
Calculate the remainder when 60755 is divided by 332.
331
Calculate the remainder when 21246 is divided by 48.
30
What is the remainder when 107628 is divided by 1397?
59
Calculate the remainder when 147136 is divided by 179.
177
Calculate the remainder when 68805 is divided by 380.
25
Calculate the remainder when 91629 is divided by 48.
45
What is the remainder when 20216 is divided by 428?
100
What is the remainder when 2386914 is divided by 30?
24
What is the remainder when 36183 is divided by 690?
303
What is the remainder when 37399 is divided by 656?
7
Calculate the remainder when 5457 is divided by 26.
23
What is the remainder when 9948 is divided by 342?
30
Calculate the remainder when 46629 is divided by 22.
11
What is the remainder when 51675 is divided by 907?
883
What is the remainder when 7536 is divided by 21?
18
Calculate the remainder when 86410 is divided by 57.
55
Calculate the remainder when 8293 is divided by 2678.
259
Calculate the remainder when 490829 is divided by 3481.
8
What is the remainder when 1826834 is divided by 11?
9
What is the remainder when 720 is divided by 393?
327
Calculate the remainder when 6185 is divided by 11.
3
What is the remainder when 147442 is divided by 33?
31
What is the remainder when 2030 is divided by 1222?
808
What is the remainder when 258052 is divided by 82?
80
What is the remainder when 341666 is divided by 210?
206
Calculate the remainder when 5846 is divided by 75.
71
What is the remainder when 17467 is divided by 77?
65
What is the remainder when 3941 is divided by 653?
23
What is the remainder when 1089 is divided by 172?
57
What is the remainder when 15847 is divided by 7878?
91
What is the remainder when 22568 is divided by 17?
9
Calculate the remainder when 456398 is divided by 153.
152
Calculate the remainder when 475629 is divided by 24.
21
What is the remainder when 132819 is divided by 157?
154
Calculate the remainder when 11247 is divided by 220.
27
Calculate the remainder when 476285 is divided by 487.
486
What is the remainder when 93454 is divided by 31116?
106
Calculate the remainder when 19956 is divided by 34.
32
Calculate the remainder when 74451 is divided by 61.
31
What is the remainder when 4344 is divided by 4344?
0
What is the remainder when 10853 is divided by 199?
107
Calculate the remainder when 26368 is divided by 2028.
4
What is the remainder when 5286 is divided by 11?
6
Calculate the remainder when 3327 is divided by 1250.
827
What is the remainder when 3271 is divided by 14?
9
Calculate the remainder when 356 is divided by 331.
25
What is the remainder when 74187 is divided by 129?
12
Calculate the remainder when 3802 is divided by 959.
925
Calculate the remainder when 217617 is divided by 279.
276
Calculate the remainder when 13750 is divided by 789.
337
What is the remainder when 1544637 is divided by 383?
381
Calculate the remainder when 128295 is divided by 553.
552
Calculate the remainder when 36282 is divided by 12089.
15
What is the remainder when 2439 is divided by 67?
27
What is the remainder when 101040 is divided by 19?
17
Calculate the remainder when 119935 is divided by 32.
31
What is the remainder when 89417 is divided by 401?
395
What is the remainder when 14414 is divided by 1795?
54
What is the remainder when 64218 is divided by 288?
282
What is the remainder when 8811 is divided by 8797?
14
What is the remainder when 5984 is divided by 133?
132
Calculate the remainder when 598 is divided by 466.
132
Calculate the remainder when 1887 is divided by 231.
39
Calculate the remainder when 475 is divided by 212.
51
What is the remainder when 8082 is divided by 15?
12
What is the remainder when 54927 is divided by 443?
438
Calculate the remainder when 1590 is divided by 264.
6
What is the remainder when 29473 is divided by 38?
23
What is the remainder when 4549 is divided by 4520?
29
What is the remainder when 2453601 is divided by 82?
79
Calculate the remainder when 30932 is divided by 9.
8
Calculate the remainder when 4484 is divided by 580.
424
Calculate the remainder when 9123 is divided by 98.
9
Calculate the remainder when 49720 is divided by 60.
40
What is the remainder when 6098049 is divided by 133?
132
What is the remainder when 25908 is divided by 9?
6
What is the remainder when 1310 is divided by 188?
182
Calculate the remainder when 9733 is divided by 1238.
1067
Calculate the remainder when 97890 is divided by 736.
2
What is the remainder when 1360 is divided by 452?
4
What is the remainder when 57424 is divided by 54?
22
Calculate the remainder when 13782 is divided by 320.
22
Calculate the remainder when 32833 is divided by 426.
31
What is the remainder when 64088 is divided by 1208?
64
Calculate the remainder when 91820 is divided by 238.
190
What is the remainder when 31559 is divided by 304?
247
What is the remainder when 14772 is divided by 75?
72
What is the remainder when 9119 is divided by 35?
19
Calculate the remainder when 447478 is divided by 565.
563
Calculate the remainder when 1805 is divided by 1793.
12
Calculate the remainder when 568557 is divided by 47.
45
Wh